*a + 2*g. Suppose 34 - a = 2*r. What are the prime factors of r?
13
Let c = -654 - -1141. List the prime factors of c.
487
Suppose c + c = -z + 23, -z = -5*c + 68. Let i = c + -11. Suppose 55 - 13 = i*r. What are the prime factors of r?
3, 7
List the prime factors of (10 + 174/(-18))/(4/14940).
3, 5, 83
Let n = -5205 + 9109. List the prime factors of n.
2, 61
Let k(z) = 6*z**2 + 18*z - 11. List the prime factors of k(6).
313
Let b be (-7*(-3 + 2))/((-1)/(-7)). Let y be 89 + (-2)/(0 - -2). Let n = y - b. List the prime factors of n.
3, 13
Suppose -8*k = -616 - 424. What are the prime factors of k?
2, 5, 13
Suppose -4*z = -3*f + 49 + 88, 2*z - 49 = -f. Let r = 100 - f. Let d = r + -35. What are the prime factors of d?
2, 3
Let l(f) = -f**3 - f**2 - f + 29. Let w be -1 + 3/(-3) + 2. List the prime factors of l(w).
29
Suppose -4*r - 3*o = -2, 2 = 2*r - 4*o + 12. Let s be 2 - (0 - r)*-23. Let n = s + 16. List the prime factors of n.
41
Suppose 2*u + 5*f - 25 = 0, -u + 5*f = -4 + 14. Suppose -2*d - 2*h + 102 = 0, u*d + 0*h = -h + 243. What are the prime factors of d?
2, 3
Suppose -2*j = i - 41, j + j = -5*i + 213. Let o(c) = -c**2 + 4*c - 3. Let s be o(3). Suppose s = -6*x + i + 17. What are the prime factors of x?
2, 5
Suppose d = 4*b - 8*b + 257, -b + 80 = -5*d. Suppose -p - b = 5*t, -t + 2*p + p - 29 = 0. Let v = t + 20. List the prime factors of v.
2, 3
Let g(q) = 2*q - 8. Let u be g(6). Suppose -u*l - 5 = -5*s, 2*l - 5*s = -8*s + 25. Suppose 3*a - 49 = 5*m, 0*m + 25 = l*a + 3*m. List the prime factors of a.
2
Suppose 149*n - 140*n = 3285. List the prime factors of n.
5, 73
Suppose 5 = -4*v - 4*r - 15, r = 4*v - 5. Let l(h) = -2*h + 16. Let m be l(6). Suppose v*n - n = 0, -m*b = 5*n - 68. What are the prime factors of b?
17
Let g = 3726 - 485. What are the prime factors of g?
7, 463
Let q(c) be the third derivative of 1/3*c**3 + 1/120*c**6 + 1/8*c**4 + 0*c + 0 + 1/10*c**5 - 5*c**2. What are the prime factors of q(-3)?
2, 5
Suppose -3 - 9 = -3*g, g - 52 = -4*z. Suppose 0 = f - 4*u - 8 - z, 4*f - 119 = 3*u. List the prime factors of f.
2
Suppose 4*k - c + 24 = -5*c, -3*c + 12 = 0. Let q = 18 + k. What are the prime factors of q?
2
Let j be -3*1/(-3)*-2. Let l be j/7 - (-18)/14. List the prime factors of (24 - (1 - -2))*l.
3, 7
Suppose 3*u - 12*u + 1719 = 0. List the prime factors of u.
191
Let d = 6 + -10. Let o be 6*(d + 3)*1. Let u = o - -41. List the prime factors of u.
5, 7
Suppose -16*j = -12*j. Let t be (1 + (-2)/(-6))*3. List the prime factors of (j + -50)/(2 - t).
5
Let s = -220 + 241. Let r(q) = 6*q + 6. Let h be r(-4). Let v = s + h. What are the prime factors of v?
3
Suppose 20 = 4*w, z - w - 378 = -0*w. What are the prime factors of z?
383
Let o = 126 + 775. List the prime factors of o.
17, 53
Let v be -1 - 21/(6 - 3). Let b(c) = c**3 + 8*c**2 + c + 11. Let n be b(v). Let k = n + 7. List the prime factors of k.
2, 5
Suppose 5*q - 6*q = -15. What are the prime factors of 1401/q + 2/(-5)?
3, 31
Let y(l) be the second derivative of 1/3*l**3 + 0 + 1/3*l**4 - 1/2*l**2 + 4*l. What are the prime factors of y(2)?
19
Let m be (12/2)/((-4)/(-8)). Suppose 7*b = 4*b + m. Let h = 32 + b. List the prime factors of h.
2, 3
Suppose -4*a + 22 = q, -24 = -3*q - a - 2. Let h(n) = 6*n - 12. Let y be h(q). Let b = y - 6. List the prime factors of b.
2, 3
Suppose -4 = -2*z - 2. Let w(y) = 109*y**2 - 2. What are the prime factors of w(z)?
107
What are the prime factors of (2 - -3)*(317 + 37)?
2, 3, 5, 59
Suppose -28*u = -24*u - 2240. What are the prime factors of u?
2, 5, 7
Suppose 3*v - y = -199, 5*v + 199 = 5*y - 146. List the prime factors of 12/(-6) - (v - -3).
2, 3, 5
List the prime factors of (-140)/(-15) + -8 + 1204/6.
2, 101
Suppose 0 = 4*z + 8, -2*g + 22 = 3*g - z. Let u(w) = 3*w + 1. Let i be u(g). List the prime factors of (i - 2)/((-2)/(-4)).
2, 11
Let l be (-2 - -3)/(1/5). Suppose -l*f + 100 = -f. What are the prime factors of f?
5
Suppose 21*q - 19*q + 819 = 5*n, -501 = -3*n - 2*q. What are the prime factors of n?
3, 5, 11
Suppose 2*o - 10 = -4. Suppose 0 = -0*h + o*h - 6. What are the prime factors of h?
2
Suppose j - 29 = -26. Suppose -5*g + 171 = -j*u, -g - 66 = -3*g + 2*u. What are the prime factors of g?
2, 3
Let t = 10 + -7. Suppose -297 = -3*o + t*u - 8*u, 413 = 4*o + u. What are the prime factors of o?
2, 13
List the prime factors of -28*113*(-92)/368.
7, 113
Suppose 0 = -12*v + 7*v - 4*d + 5995, 0 = -3*v + d + 3597. What are the prime factors of v?
11, 109
Suppose -v = -4*d - 375, 5*d - 251 + 1383 = 3*v. List the prime factors of v.
379
Let t(y) = -y**3 - 3*y**2 - 13*y + 6. Let q be t(-6). Suppose -3*m - q = -678. List the prime factors of m.
2, 3
Let x be 6/(2 - -1)*9. Suppose 5*y = -3*g + y + x, -5*g + 13 = y. Suppose 0 = t + 3*s - 37, g*t = 3*s + 19 + 37. List the prime factors of t.
31
Let u be (9/(-3))/(-3) + -4. Let h be u*-34*5/30. Let p(j) = j - 12. List the prime factors of p(h).
5
Let u = 64 - -304. What are the prime factors of u?
2, 23
Let h be (4/(-6))/((-6)/9). Let w(a) = a**2 + a - 1. Let z(f) = 46*f**2 + 2*f - 2. Let r(b) = -3*w(b) + z(b). List the prime factors of r(h).
43
Suppose 118*v - 98*v - 45380 = 0. List the prime factors of v.
2269
Let w = 67 + -50. Suppose -20*a + w*a = -432. List the prime factors of a.
2, 3
Suppose -2*h - 28 = k + 66, -109 = k + 5*h. Let u = k - -135. List the prime factors of u.
3, 17
Let p = -514 - -1402. List the prime factors of p.
2, 3, 37
Let s(z) = -z**3 + 11*z**2 + 7*z + 15. Let q be s(10). List the prime factors of 2/6 - (-1 + q/(-3)).
3, 7
What are the prime factors of (-4)/(-30) - (-10340)/75?
2, 3, 23
Let f(c) = 50*c + 50. What are the prime factors of f(7)?
2, 5
List the prime factors of (6/(-8))/((-70988)/17744 + 4).
1109
Let f be ((-85)/(-10) - 5)*4. Suppose -3*s - 176 = -f*s. What are the prime factors of s?
2
Suppose -5*a = 2*d + 196, -5*d = -5*a - 56 + 476. Let k = 126 + d. List the prime factors of k.
2, 19
Let n(m) = -2*m + 16. Let s be n(0). Suppose -s*b - 620 = -21*b. List the prime factors of b.
2, 31
Suppose -2*o - 3*o = -20, 0 = -4*p - 5*o + 2544. List the prime factors of p.
631
Let v(c) = 2*c + 8. Let t be v(-7). Let d = -1 - t. Suppose d*k + 0*k - 270 = 0. List the prime factors of k.
2, 3
Suppose 10*z - 21 = 3*z. Suppose 4*b = 2*j + 566, z*b - 4*b + 146 = j. List the prime factors of b.
11, 13
Suppose -34*y + 21568 = -18*y. What are the prime factors of y?
2, 337
Let u(d) = -235*d**3 + 3*d**2 - 2*d - 4. What are the prime factors of u(-2)?
2, 11, 43
Let m = -198 - -331. Let y = m - 58. List the prime factors of y.
3, 5
Let u = -44 - -92. Suppose -507 = -2*m + 3*x, u = -4*m - 4*x + 1052. What are the prime factors of m?
2, 3, 7
Let s(r) = -4*r + 8. Let v be 4/(-12) + 51/(-9). Let m be s(v). Suppose h + 8 = l + 2*h, -5*l = -3*h - m. What are the prime factors of l?
7
Let a be (-8)/14 + ((-243)/63)/9. List the prime factors of (a + -2)/((-13)/325).
3, 5
List the prime factors of 81855/(-225)*(-4 - 2/2).
17, 107
Let k(c) = 92*c - 134. What are the prime factors of k(14)?
2, 577
List the prime factors of (7/(-3))/((-1)/9585*5).
3, 7, 71
Let n(p) = -p**3 - 10*p**2 + 15*p + 15. Let h be n(-10). Let g = h - -162. What are the prime factors of g?
3
Suppose 0 = -5*i - 95 - 70. Let n = 36 + i. Let r = 41 - n. What are the prime factors of r?
2, 19
Let h = -30 - -35. Suppose -2*k + 3*z + 102 + 76 = 0, 2*z + 423 = h*k. List the prime factors of k.
83
List the prime factors of 4/(0 + -1) - (-1791 - -53).
2, 3, 17
Let m be 3 + 3 - (-26 - 12). Suppose 2*j = 10, 3*u - 11 = -3*j + 2*j. Suppose -u*y + 4*y - m = -o, 3*o - 3*y = 132. List the prime factors of o.
2, 11
Let w(g) = -13*g - 77. Let y = -1 + -8. What are the prime factors of w(y)?
2, 5
Let w(m) = m**2 - 8*m - 5. Let t(y) = 9*y - 14. Let c(v) = -3*v + 5. Let p(b) = -11*c(b) - 4*t(b). Let g be p(-3). What are the prime factors of w(g)?
3, 5
Let g = 692 + -326. Suppose l = -v + 90, g = 4*l + 4*v - 2*v. List the prime factors of l.
3, 31
Let j(p) = -1. Let n(x) = -3*x - 2. Let a(w) = 3*j(w) - n(w). Suppose -4*s + 2*m = -40, -5*s + 3*m = -34 - 15. List the prime factors of a(s).
2
Let n be -2 + 7 + -1 + 2. Let r = -173 + 162. Let q = n - r. List the prime factors of q.
17
Suppose 11 - 7 = 2*i. Suppose 0 = i*u - 0*y + 3*y 